e thousands digit of d?
6
Let r(q) be the first derivative of q**4/4 - 16*q**3/3 + 10*q**2 + 28*q - 1. Suppose -21*l + 225 = -6*l. What is the tens digit of r(l)?
0
Suppose 0*b + 4*b = 24. Suppose -2*f + 648 = b*f. Suppose f = r - 54. What is the tens digit of r?
3
Let g(h) = -225*h - 13. Let x be g(-2). Let n = x - 184. What is the hundreds digit of n?
2
Let t(j) = 22*j**2 + 225*j - 38. What is the hundreds digit of t(-24)?
2
Suppose 8*g = 27*g + 20*g - 807105. What is the ten thousands digit of g?
2
Let s = 264 + -267. What is the units digit of (-3683)/s + 6 + 200/(-30)?
7
What is the tens digit of (89392/6)/((-264)/(-396))?
4
Let a(j) = -2*j + 44. Let b be a(8). Let p = 365 + b. What is the units digit of p?
3
Suppose -200*p + 2184522 + 1466275 = 112997. What is the hundreds digit of p?
6
Let d(t) = -227*t + 6. Let b be d(1). Let y = b - -1378. What is the units digit of y?
7
What is the units digit of (152 - 0/1)/(4 - (-150)/(-45))?
8
Let a(j) = -14*j - 170. Let z be a(-12). What is the tens digit of (-2 - -53)*z/((-14)/119)?
6
Suppose -5 = s - 6. Suppose -229 = -3*q + 5*w - s, 3*q - 4*w - 231 = 0. What is the tens digit of q?
8
Let x be 12/20 - (-246)/(-10). Let c be (x/(-18))/((-4)/(-6)). Suppose -v + 0*v + 113 = 3*m, 0 = -c*v - 2*m + 210. What is the tens digit of v?
0
Suppose -2578 = -2*u + 2254. What is the units digit of (-5)/1*u/(-40)?
2
Suppose 5*a + 8*a - 83124 = 96315. What is the thousands digit of a?
3
Let f be (-10)/20 - (-26)/4. Suppose -f - 14 = -s + 4*l, 3*l = -3*s + 15. What is the units digit of s?
8
Let f be -3 + ((-40)/(-4))/2 + 1. Suppose 0 = 2*i - i - f. What is the units digit of 1/i*(-3)/(-1)?
1
What is the tens digit of (21 + -69921)/(-6*3/48*4)?
0
Suppose -3*z - 20 = -2*w, -20 = -2*w + 5*z + 8. Suppose w*b + 20*u = 15*u + 3073, -3023 = -4*b + 5*u. What is the units digit of b?
2
Let r(c) = 576*c**2 + 22*c - 6*c - 7*c - 14*c + 5. What is the tens digit of r(1)?
7
Let p be (-206)/(-42) - 50/(-525). Suppose 0 = -p*r + 2301 + 1849. What is the hundreds digit of r?
8
Let p(r) = -r + 2. Let t be p(-18). Suppose 2*o - t = -3*o. Suppose 0 = 2*h - 4*x - 136, o*h - 8*h + 3*x = -252. What is the tens digit of h?
6
Let b be -1 + -5 - 22/(-2). Suppose b*i + 1468 = 3*x, 28*i = -3*x + 23*i + 1448. What is the tens digit of x?
8
Let p(t) = -3*t - 3. Let u be p(-3). Suppose 2*s - u*s + 1372 = 0. Suppose -7 = -5*g + s. What is the tens digit of g?
7
Suppose 83*v - 43*v - 256320 = 0. What is the units digit of v?
8
What is the thousands digit of 2/22 - (-1374206)/1111?
1
Let k = 1456 + -2402. Let n = k + 2471. What is the tens digit of n?
2
Let h(p) = -86*p - 13. Let z(r) = -259*r - 40. Let n(s) = -11*h(s) + 4*z(s). What is the units digit of n(-5)?
3
Suppose 6*d + 575 = -817. Let u = d + 783. What is the hundreds digit of u?
5
Let b = -36 + 24. Let t be -47*2*b/24. Suppose -2*o = 5 - t. What is the tens digit of o?
2
Suppose 19*c - 4368 = -2*c. Suppose -4*v = 3*d - 1484, 0 = d - v - c - 296. What is the tens digit of d?
0
Suppose 164 - 174 = k. Let t(m) be the third derivative of -m**6/120 - 2*m**5/15 + 5*m**4/6 + 8*m**3/3 + m**2. What is the tens digit of t(k)?
1
Let l = -6320 - -8981. Let p = l + -1142. What is the units digit of p?
9
Let x = 204 + -204. Suppose 0 = s - 2*c - 244, 0 = 3*s - x*c + 5*c - 743. What is the hundreds digit of s?
2
Suppose -49683 = 4*d - 146419. What is the tens digit of d?
8
Let k be 14/4 - (-5)/10. Suppose u + k = 9. Suppose 0 = -u*p + 3*p + 4*a + 2, 0 = -2*p - 2*a + 20. What is the units digit of p?
7
Let d(u) = 30*u**2 - 16*u - 238. What is the thousands digit of d(11)?
3
Let p = 9478 + 1186. What is the hundreds digit of p?
6
Let i = 7 - 4. Let z(c) = -159*c + 636. Let o be z(4). Suppose -i*p + 0 + 9 = o. What is the units digit of p?
3
Suppose 2*z = y - 11994, 12*z - 11*z - 35982 = -3*y. What is the units digit of y?
4
Let d = 252 + -247. Suppose -6*r + 949 = 5*h - 4*r, 0 = -d*h + 3*r + 964. What is the tens digit of h?
9
Let m = -604 + 619. Let n(w) = 74*w - 30. What is the hundreds digit of n(m)?
0
Let o = -23833 + 41323. What is the units digit of o?
0
Let n(t) = 5*t**2 - 21*t + 22. Suppose -4*f + 43*o = 39*o - 8, 5*o = -2*f + 18. What is the tens digit of n(f)?
1
Let d = 63 + -60. Suppose d*m = -m. Suppose 5*a - 6*s + 2*s - 230 = m, -2*a + 92 = 4*s. What is the tens digit of a?
4
Let i(p) = 3*p**3 + 2*p - 1. Let n be i(3). Let d = -85 + n. What is the units digit of d?
1
Let g = -3785 - -9858. What is the tens digit of g?
7
Let t(i) = 4*i + 2. Let m be t(1). Suppose -4*g = m + 2. What is the units digit of 80/44 - g/11?
2
Suppose 0 = -7*y + 1284 - 1214. Suppose y*r - 2143 = 1757. What is the tens digit of r?
9
Suppose 3*m + 2 = 2*y + 3, -3 = m + y. Let q(z) = -3*z**2 - 1 + 37*z - 279*z**3 - 40*z + 160*z**3. What is the hundreds digit of q(m)?
1
Let h = 0 + 2. Let v(l) = -22*l**3 - 31*l**2 + 4*l - 4. Let c(d) = -23*d**3 - 37*d**2 + 4*d - 4. Let r(a) = 5*c(a) - 6*v(a). What is the hundreds digit of r(h)?
1
Suppose l + 3*f = 6*l - 62, -3*f = -3. Let y(i) = 41*i + 77. What is the tens digit of y(l)?
1
Let x(n) = 295*n**2 + 443*n - 2613. What is the tens digit of x(6)?
6
Let o(m) be the second derivative of -m**5/15 + 9*m**4/4 + 17*m**3/3 + 37*m. Let q(j) be the second derivative of o(j). What is the tens digit of q(-6)?
0
Let k(l) be the second derivative of -14*l**3/3 - 26*l**2 - 19*l. What is the tens digit of k(-6)?
1
Suppose 4*s - 154455 + 39875 = 0. What is the ten thousands digit of s?
2
Suppose -15*r + 245835 = -124080. What is the tens digit of r?
6
Suppose 3*n + i + 20 = 0, 5*i - 7*i + 16 = -n. Let g(m) = m**3 + 17*m**2 + m - 10. What is the hundreds digit of g(n)?
5
Suppose 2*o = -2*l - 514 + 166, 693 = -4*o - 3*l. What is the units digit of (3 - 76/12)*o?
0
Let n(z) = -z**3 + 24*z**2 - 22*z - 82. What is the hundreds digit of n(13)?
4
Suppose 2*i + 5*y = -0*i - 19, -i - y = 5. Let t(j) = 1 - j - j + 5*j**2 - 8*j**3 - 7*j**2. What is the units digit of t(i)?
1
Let o(r) = -15*r - 12. Let k(f) = -7*f + 22. Let n(u) = -2*u - 2. Let d be n(-3). Let v be k(d). What is the units digit of o(v)?
8
Let k = -31 + -12. Let x(z) = z**3 + z**2 + z + 85. Let h be x(0). Let m = h + k. What is the tens digit of m?
4
Let g(n) = 4*n**3 + 6*n**2 + n. Let v be g(-4). Let r = 2594 - 2676. Let k = r - v. What is the units digit of k?
2
Suppose -4*s - 13154 - 6714 = -5*i, i - 3980 = 4*s. What is the units digit of i?
2
Suppose -17*y + 12*y = 460. Let q = 72 + y. What is the units digit of 1/(q/(-15)) + (-2)/(-8)?
1
Suppose 26 = 2*o - 2. Let a be 6/o - 11994/(-42). Let f = -19 + a. What is the tens digit of f?
6
Suppose -5*c - 2*w - 2449 = -4*w, 5*c = 3*w - 2446. Let j = 564 + c. What is the units digit of j?
3
Let g(u) = 3*u**2 - 19. Let f(l) = -l**2 + 15*l + 60. Let y be f(18). Suppose -8*m + y = -7*m. What is the units digit of g(m)?
9
Let b = -16 - -12207. What is the tens digit of b?
9
Let r(n) = n**3 - 2*n**2 - 2*n + 1386. Let c be r(0). Let x = c + -947. What is the hundreds digit of x?
4
Let h = 44485 - 36573. What is the hundreds digit of h?
9
Let m(x) = -4 - 6*x + 8*x + x - 2. Let b be m(2). Suppose b = -24*h + 27*h - 360. What is the hundreds digit of h?
1
What is the units digit of (-56)/10*((-61512)/48 + -21)?
4
Suppose 10 = 2*l - 8. Suppose -2*w = 2*k - 1298, 0 = 4*w - 7 - l. What is the units digit of k?
5
Let s(p) = -p**3 + 7*p**2 + 18*p + 4. Let h be s(9). Let m(x) = 11*x**3 - 3*x**2 + 20*x + 2. What is the units digit of m(h)?
8
Suppose -3*h = r - 1, 0 = -5*r - 2*h + 3*h - 43. Let w(p) = p**3 + 7*p**2 - 8*p + 17. Let a be w(r). Suppose -k + 39 = -a. What is the tens digit of k?
5
Suppose -216*y + 60*y = -5715372. What is the units digit of y?
7
Let s(f) = f**3 - 29*f**2 + 26*f + 7. Let v be s(21). What is the tens digit of 1 + v/(-10) + (-1)/(-2)?
9
Let s(k) be the third derivative of k**6/120 + 7*k**5/30 - k**4/6 - 4*k**3 + 71*k**2. What is the tens digit of s(-12)?
1
Let f = 30399 - 15910. What is the ten thousands digit of f?
1
Let s(y) = 7*y**2 - 3*y. Suppose 1 - 4 = -t. Let k be s(t). Let m = k + -39. What is the units digit of m?
5
Let g(t) = -3*t**2 - 8*t - 7. Let d(i) = 4*i**2 + 9*i + 6. Let n(v) = 4*d(v) + 5*g(v). Let b be n(9). Suppose -2*z + b + 8 = 0. What is the units digit 